{"id":8,"date":"2024-10-31T04:06:44","date_gmt":"2024-10-31T04:06:44","guid":{"rendered":"https:\/\/bravosol.com.do\/?page_id=8"},"modified":"2024-12-16T15:29:44","modified_gmt":"2024-12-16T15:29:44","slug":"homepage","status":"publish","type":"page","link":"https:\/\/bravosol.com.do\/","title":{"rendered":"Homepage"},"content":{"rendered":"\n<div class=\"wp-block-cover alignfull is-light\" style=\"min-height:100vh;aspect-ratio:unset;\"><span aria-hidden=\"true\" class=\"wp-block-cover__background has-background-dim-20 has-background-dim\"><\/span><video class=\"wp-block-cover__video-background intrinsic-ignore\" autoplay muted loop playsinline src=\"https:\/\/demo.wpzoom.com\/inspiro-lite\/files\/2022\/03\/Pexels-Videos-1409899-1.mp4\" data-object-fit=\"cover\"><\/video><div class=\"wp-block-cover__inner-container has-global-padding is-layout-constrained wp-block-cover-is-layout-constrained\">\n<p class=\"has-text-align-center has-white-color has-text-color has-max-60-font-size\" style=\"font-style:normal;font-weight:900;line-height:1.2\"><strong>Crear. Sorprender. Inspirar.<\/strong><\/p>\n\n\n\n<p class=\"has-text-align-center has-white-color has-text-color has-medium-font-size\">En <strong>Grupo Bravo Sol, convertimos ideas en realidades extraordinarias<\/strong>. Somos expertos en la conceptualizaci\u00f3n, desarrollo y producci\u00f3n de proyectos que trascienden, dise\u00f1ados para inspirar y conectar.<br>Nos apasiona trabajar en colaboraci\u00f3n con empresas, marcas y eventos, creando experiencias \u00fanicas que dejan huella. Nuestro compromiso es brindar excelencia en cada detalle, desde la idea inicial hasta la ejecuci\u00f3n final. <\/p>\n\n\n\n<div style=\"height:55px\" aria-hidden=\"true\" class=\"wp-block-spacer\"><\/div>\n<\/div><\/div>\n\n\n\n<div class=\"wp-block-group alignfull pattern_multiple_covers has-background has-global-padding is-layout-constrained wp-block-group-is-layout-constrained\" id=\"services\" style=\"background-color:#f8f8f8\">\n<div style=\"height:12px\" aria-hidden=\"true\" class=\"wp-block-spacer\"><\/div>\n\n\n\n<p class=\"has-text-align-left has-secondary-color has-text-color\" style=\"letter-spacing:1px\">\u00a1TRABAJEMOS JUNTOS!<\/p>\n\n\n\n<h2 class=\"wp-block-heading has-text-align-left\">Nuestros Servicios<\/h2>\n\n\n\n<p class=\"has-text-align-left\">En Grupo Bravo Sol, transformamos tus ideas en realidades impactantes a trav\u00e9s de un enfoque integral que abarca desde la conceptualizaci\u00f3n inicial hasta la ejecuci\u00f3n final. Nos especializamos en el sector de alimentos y bebidas, ofreciendo servicios en desarrollo creativo, permisolog\u00eda, optimizaci\u00f3n de procesos, producci\u00f3n y comercializaci\u00f3n de marcas, empresas y eventos. Con una visi\u00f3n estrat\u00e9gica y atenci\u00f3n a cada detalle, dise\u00f1amos proyectos innovadores que destacan por su profesionalismo y resultados memorables.<\/p>\n\n\n\n<div style=\"height:46px\" aria-hidden=\"true\" class=\"wp-block-spacer\"><\/div>\n<\/div>\n\n\n\n<div class=\"wp-block-group alignfull portfolio-dark has-black-background-color has-background has-global-padding is-layout-constrained wp-block-group-is-layout-constrained\" id=\"portfolio\" style=\"margin-top:0px\">\n<div style=\"height:43px\" aria-hidden=\"true\" class=\"wp-block-spacer\"><\/div>\n\n\n\n<p class=\"has-text-align-left has-text-color\" style=\"color:#0bb4aa;letter-spacing:1px\">FROM THE PORTFOLIO<\/p>\n\n\n\n<h2 class=\"wp-block-heading has-text-align-left has-white-color has-text-color has-large-font-size\">Our Work<\/h2>\n\n\n\n<div style=\"height:44px\" aria-hidden=\"true\" class=\"wp-block-spacer\"><\/div>\n\n\n<div class=\"wpzoom-blocks wpzoom-blocks_portfolio-block wpzoom-portfolio-block-69d9d9f7ae3c6 use-lightbox alignfull layout-masonry columns-3 post_type-portfolio_item ajax-load-items wp-block-wpzoom-blocks-portfolio\" data-offset=\"6\" data-load-more='{\"categories\":[],\"class\":\"wpzoom-blocks_portfolio-block\",\"layout\":\"masonry\",\"lightbox\":true,\"lightbox_caption\":false,\"order\":\"desc\",\"order_by\":\"menu_order date\",\"per_page\":6,\"read_more_label\":\"Read More\",\"show_author\":true,\"show_background_video\":true,\"show_date\":true,\"show_excerpt\":true,\"show_read_more\":true,\"show_thumbnail\":true,\"show_title\":false,\"source\":\"portfolio_item\",\"thumbnail_size\":\"portfolio_item-masonry\",\"total\":1}'><div class=\"wpzoom-blocks wpzoom-blocks_portfolio-block_filter\"><ul><li class=\"cat-item-all current-cat\">\n\t\t\t\t<a href=\"https:\/\/bravosol.com.do\/?post_type=portfolio_item\" class=\"wpz-portfolio-filter_link\">All<\/a>\n\t\t\t<\/li>\t<li class=\"cat-item cat-item-4 cat-posts-total-1 wpz-block-button\"><a href=\"https:\/\/bravosol.com.do\/?portfolio=uncategorized\" class=\"wpz-portfolio-filter__link\">Uncategorized<\/a>\n<\/li>\n<\/ul><\/div><ul class=\"wpzoom-blocks wpzoom-blocks_portfolio-block_items-list\"><li class='wpzoom-blocks_portfolio-block_item wpzoom-blocks_portfolio-block_item-64 wpzoom-blocks_portfolio-block_category-4 has-cover'  data-category='4'><article class='wpzoom-blocks_portfolio-block_item-wrap portfolio_item'><div class='wpzoom-blocks_portfolio-block_item-thumbnail'>\n\t\t\t\t\t\t<div class='wpzoom-blocks_portfolio-block_item-media'>\n\t\t\t\t\t\t\t<a href='https:\/\/bravosol.com.do\/?portfolio_item=corazon-cervecero-oktoberfest-2024' title='Corazon Cervecero Oktoberfest 2024' rel='bookmark'><img loading=\"lazy\" decoding=\"async\" width=\"342\" height=\"529\" src=\"https:\/\/bravosol.com.do\/wp-content\/uploads\/2024\/12\/CorazonCerveccero-Afiche-342.png\" class=\"attachment-portfolio_item-masonry size-portfolio_item-masonry wp-post-image\" alt=\"\" srcset=\"https:\/\/bravosol.com.do\/wp-content\/uploads\/2024\/12\/CorazonCerveccero-Afiche-342.png 342w, https:\/\/bravosol.com.do\/wp-content\/uploads\/2024\/12\/CorazonCerveccero-Afiche-342-194x300.png 194w\" sizes=\"auto, 100vw\" \/><\/a>\n\t\t\t\t\t\t<\/div><div class=\"portfolio-block-entry-thumbnail-popover-content\" data-show-caption=\"\"><a class=\"mfp-image portfolio-block-popup-video popup_image_icon\" href=\"https:\/\/bravosol.com.do\/wp-content\/uploads\/2024\/12\/CorazonCerveccero-Afiche-342.png\" aria-label=\"Corazon Cervecero Oktoberfest 2024\"><span class='wpzoom-blocks_portfolio-block_lightbox_icon'>\n\t\t\t\t\t\t\t\t\t\t<svg enable-background='new 0 0 32 32' id='Layer_4' version='1.1' viewBox='0 0 32 32' xml:space='preserve' xmlns='http:\/\/www.w3.org\/2000\/svg' xmlns:xlink='http:\/\/www.w3.org\/1999\/xlink'>\n\t\t\t\t\t\t\t\t\t\t\t<g>\n\t\t\t\t\t\t\t\t\t\t\t\t<rect fill='none' height='30' stroke='#fff' stroke-linejoin='round' stroke-miterlimit='10' stroke-width='2' transform='matrix(6.123234e-17 -1 1 6.123234e-17 0 32)' width='30' x='1' y='1'\/>\n\t\t\t\t\t\t\t\t\t\t\t\t\t<line fill='none' stroke='#fff' stroke-linejoin='round' stroke-miterlimit='10' stroke-width='2' x1='27' x2='5' y1='5' y2='27'\/><polyline fill='none' points='16,27 5,27 5,16' stroke='#fff' stroke-linejoin='round' stroke-miterlimit='10' stroke-width='2'\/>\n\t\t\t\t\t\t\t\t\t\t\t\t\t<polyline fill='none' points='16,5 27,5 27,16' stroke='#fff' stroke-linejoin='round' stroke-miterlimit='10' stroke-width='2'\/>\n\t\t\t\t\t\t\t\t\t\t\t<\/g>\n\t\t\t\t\t\t\t\t\t\t<\/svg>\n\t\t\t\t\t\t\t\t\t<\/span><\/a><span class=\"portfolio_item-title\" style=\"display: none;\"><a href=\"https:\/\/bravosol.com.do\/?portfolio_item=corazon-cervecero-oktoberfest-2024\" title=\"Corazon Cervecero Oktoberfest 2024\">Corazon Cervecero Oktoberfest 2024<\/a><\/span><\/div><\/div><div class='wpzoom-blocks_portfolio-block_item-details'><h3 class='wpzoom-blocks_portfolio-block_item-title'><a href='https:\/\/bravosol.com.do\/?portfolio_item=corazon-cervecero-oktoberfest-2024' title='Corazon Cervecero Oktoberfest 2024' rel='bookmark'>Corazon Cervecero Oktoberfest 2024<\/a><\/h3><\/div><\/article><\/li><li class=\"wpzoom-preloader-container\"><div class=\"wpzoom-portfolio-preloader\"><svg  width=\"75\" version=\"1.1\" id=\"L4\" xmlns=\"http:\/\/www.w3.org\/2000\/svg\" xmlns:xlink=\"http:\/\/www.w3.org\/1999\/xlink\" x=\"0px\" y=\"0px\" viewBox=\"0 0 100 100\" enable-background=\"new 0 0 0 0\" xml:space=\"preserve\">\n\t\t  <circle fill=\"#000\" stroke=\"none\" cx=\"6\" cy=\"50\" r=\"6\"><animate attributeName=\"opacity\" dur=\"1s\" values=\"0;1;0\" repeatCount=\"indefinite\" begin=\"0.1\"\/><\/circle>\n\t\t  <circle fill=\"#000\" stroke=\"none\" cx=\"26\" cy=\"50\" r=\"6\"><animate attributeName=\"opacity\" dur=\"1s\" values=\"0;1;0\" repeatCount=\"indefinite\" begin=\"0.2\"\/><\/circle>\n\t\t  <circle fill=\"#000\" stroke=\"none\" cx=\"46\" cy=\"50\" r=\"6\"><animate attributeName=\"opacity\" dur=\"1s\" values=\"0;1;0\" repeatCount=\"indefinite\" begin=\"0.3\"\/><\/circle>\n\t\t<\/svg><\/div><\/li><\/ul><\/div><!--.wpzoom-blocks wpzoom-blocks_portfolio-block--><style>.wpzoom-blocks_portfolio-block.wpzoom-portfolio-block-69d9d9f7ae3c6 {}.wpzoom-blocks_portfolio-block.wpzoom-portfolio-block-69d9d9f7ae3c6 { color:white}.wpzoom-blocks_portfolio-block.wpzoom-portfolio-block-69d9d9f7ae3c6 .wpzoom-blocks_portfolio-block_filter ul li a,\n\t\t\t.wpzoom-blocks_portfolio-block.wpzoom-portfolio-block-69d9d9f7ae3c6.layout-list .wpzoom-blocks_portfolio-block_items-list .wpzoom-blocks_portfolio-block_item .wpzoom-blocks_portfolio-block_item-title a {\n\t\t\t\tcolor:#000;\n\t\t\t}.wpzoom-blocks_portfolio-block.wpzoom-portfolio-block-69d9d9f7ae3c6 .wpzoom-blocks_portfolio-block_filter ul li a:hover,\n\t\t\t\t.wpzoom-blocks_portfolio-block.wpzoom-portfolio-block-69d9d9f7ae3c6 .wpzoom-blocks_portfolio-block_filter ul li.current-cat a:hover,\n\t\t\t\t.wpzoom-blocks_portfolio-.wpzoom-portfolio-block-69d9d9f7ae3c6.layout-list .wpzoom-blocks_portfolio-block_items-list .wpzoom-blocks_portfolio-block_item .wpzoom-blocks_portfolio-block_item-title a:hover {\n\t\t\t\t\tcolor:#0BB4AA;\n\t\t\t\t}.wpzoom-blocks_portfolio-block.wpzoom-portfolio-block-69d9d9f7ae3c6 .wpzoom-blocks_portfolio-block_filter ul li.current-cat a { color:#0BB4AA; }.wpzoom-blocks_portfolio-block.wpzoom-portfolio-block-69d9d9f7ae3c6 .wpzoom-blocks_portfolio-block_filter ul li a {font-weight: 400 !important;letter-spacing: 1px;}.wpzoom-blocks_portfolio-block.wpzoom-portfolio-block-69d9d9f7ae3c6 .wpzoom-blocks_portfolio-block_item-details .wpzoom-blocks_portfolio-block_item-title a {line-height: 1.2;font-weight: 500 !important;letter-spacing: 1px;}.wpzoom-blocks_portfolio-block.wpzoom-portfolio-block-69d9d9f7ae3c6 .wpz-portfolio-button__link {background: #0bb4aa !important;letter-spacing: 1px;border-style:solid;border-width:0px;}.wpzoom-blocks_portfolio-block.wpzoom-portfolio-block-69d9d9f7ae3c6 .wpz-portfolio-button__link:hover,\n                        .wpzoom-blocks_portfolio-block.wpzoom-portfolio-block-69d9d9f7ae3c6 .wpz-portfolio-button__link:focus,\n                        .wpzoom-blocks_portfolio-block.wpzoom-portfolio-block-69d9d9f7ae3c6 .wpz-portfolio-button__link:active { color:#101010 !important;background:#ffffff !important;}<\/style>\n\n\n<div style=\"height:50px\" aria-hidden=\"true\" class=\"wp-block-spacer\"><\/div>\n<\/div>\n\n\n\n<div class=\"wp-block-cover alignfull has-parallax is-position-center-center\" style=\"border-radius:0px\"><span aria-hidden=\"true\" class=\"wp-block-cover__background has-black-background-color has-background-dim-80 has-background-dim\"><\/span><div class=\"wp-block-cover__image-background wp-image-49 has-parallax\" style=\"background-position:50% 50%;background-image:url(https:\/\/bravosol.com.do\/wp-content\/uploads\/2024\/12\/gjtktyk.webp)\"><\/div><div class=\"wp-block-cover__inner-container is-layout-flow wp-block-cover-is-layout-flow\">\n<div class=\"wp-block-group has-global-padding is-layout-constrained wp-block-group-is-layout-constrained\">\n<h3 class=\"wp-block-heading has-text-align-center has-text-color has-medium-font-size\" style=\"color:#fffffa;text-transform:uppercase\">Cont\u00e1ctanos<\/h3>\n\n\n\n<p class=\"has-text-align-center has-white-color has-text-color\">En Grupo Bravo Sol, estamos aqu\u00ed para escuchar tus ideas y convertirlas en proyectos memorables. Ya sea que busques conceptualizar un evento, desarrollar una marca o explorar nuevas oportunidades en el sector de alimentos y bebidas, nuestro equipo est\u00e1 listo para acompa\u00f1arte en cada paso del camino.<\/p>\n\n\n\n<p class=\"has-text-align-center has-white-color has-text-color\">Escr\u00edbenos o ll\u00e1manos, y juntos construiremos algo extraordinario. \u00a1Hablemos y hagamos que suceda! <br>+1 (829) 767-6666 | REP\u00daBLICA DOMINICANA | INFO@BRAVOSOL.COM.DO<\/p>\n<\/div>\n\n\n\n<ul class=\"wp-block-social-links is-content-justification-center is-layout-flex wp-container-core-social-links-is-layout-a89b3969 wp-block-social-links-is-layout-flex\">\n\n\n\n<\/ul>\n<\/div><\/div>\n\n\n\n<div id=\"news\" class=\"wp-block-group has-global-padding is-layout-constrained wp-block-group-is-layout-constrained\">\n<div style=\"height:32px\" aria-hidden=\"true\" class=\"wp-block-spacer\"><\/div>\n\n\n\n<figure class=\"wp-block-image size-full\"><img loading=\"lazy\" decoding=\"async\" width=\"1002\" height=\"112\" src=\"https:\/\/bravosol.com.do\/wp-content\/uploads\/2024\/12\/oktoberfest-corazon-cervecero-banner-web.png\" alt=\"\" class=\"wp-image-31\" srcset=\"https:\/\/bravosol.com.do\/wp-content\/uploads\/2024\/12\/oktoberfest-corazon-cervecero-banner-web.png 1002w, https:\/\/bravosol.com.do\/wp-content\/uploads\/2024\/12\/oktoberfest-corazon-cervecero-banner-web-300x34.png 300w\" sizes=\"auto, (max-width: 1002px) 100vw, 1002px\" \/><\/figure>\n\n\n\n<p class=\"has-text-align-left has-secondary-color has-text-color\">HISTORIAS<\/p>\n\n\n\n<h2 class=\"wp-block-heading has-text-align-left\">\u00a1Lo \u00daltimo!<\/h2>\n\n\n\n<div style=\"height:33px\" aria-hidden=\"true\" class=\"wp-block-spacer\"><\/div>\n\n\n\n<div class=\"wp-block-query is-layout-flow wp-block-query-is-layout-flow\"><ul class=\"columns-3 wp-block-post-template is-layout-grid wp-container-core-post-template-is-layout-6aac66c0 wp-block-post-template-is-layout-grid\"><li class=\"wp-block-post post-53 post type-post status-publish format-standard has-post-thumbnail hentry category-eventos\">\n<figure style=\"width:100%;height:240px; margin-bottom:var(--wp--preset--spacing--x-small);\" class=\"wp-block-post-featured-image\"><a href=\"https:\/\/bravosol.com.do\/?p=53\" target=\"_self\"  style=\"height:240px\"><img loading=\"lazy\" decoding=\"async\" width=\"720\" height=\"405\" src=\"https:\/\/bravosol.com.do\/wp-content\/uploads\/2024\/12\/okto24-cierre.jpg\" class=\"attachment-post-thumbnail size-post-thumbnail wp-post-image\" alt=\"Coraz\u00f3n Cervecero Oktoberfest 2024\" style=\"border-radius:5px;height:240px;object-fit:cover;\" srcset=\"https:\/\/bravosol.com.do\/wp-content\/uploads\/2024\/12\/okto24-cierre.jpg 720w, https:\/\/bravosol.com.do\/wp-content\/uploads\/2024\/12\/okto24-cierre-300x169.jpg 300w, https:\/\/bravosol.com.do\/wp-content\/uploads\/2024\/12\/okto24-cierre-600x338.jpg 600w\" sizes=\"auto, 100vw\" \/><\/a><\/figure>\n\n<div style=\"margin-top:0;margin-bottom:0;\" class=\"has-link-color wp-elements-a1817b6b9e4eaefd5826fde68b0a8fdb wp-block-post-date has-text-color has-tertiary-color\"><time datetime=\"2024-10-21T14:44:00+00:00\">October 21, 2024<\/time><\/div>\n\n<h3 style=\"margin-top:0;margin-bottom:var(--wp--preset--spacing--x-small);\" class=\"has-link-color wp-elements-2e75b4e4fab489cf445e03eda13279d1 wp-block-post-title\"><a href=\"https:\/\/bravosol.com.do\/?p=53\" target=\"_self\" >Coraz\u00f3n Cervecero Oktoberfest 2024<\/a><\/h3>\n\n<div class=\"has-link-color wp-elements-61eeeb1d6c31f3761cb8bc35b6e1a095 wp-block-post-excerpt has-text-color has-tertiary-color\"><p class=\"wp-block-post-excerpt__excerpt\">\u00a1As\u00ed cerramos tres d\u00edas inolvidables en\u00a0#Oktoberfest2024! \ud83c\udf89\u2728 Risas, m\u00fasica, buena comida, y por supuesto, las mejores cervezas del mundo. \ud83c\udf7a Tres d\u00edas llenos de alegr\u00eda, brindis y momentos que quedar\u00e1n en el coraz\u00f3n de todos los que formaron&hellip; <\/p><\/div>\n\n<a style=\"text-transform:uppercase; border-width:2px; padding-right:var(--wp--preset--spacing--x-small);padding-left:var(--wp--preset--spacing--x-small);padding-top:10px;padding-bottom:10px;\" class=\"wp-block-read-more has-text-color has-foreground-color\" href=\"https:\/\/bravosol.com.do\/?p=53\" target=\"_self\">Read more<span class=\"screen-reader-text\">: Coraz\u00f3n Cervecero Oktoberfest 2024<\/span><\/a>\n<\/li><li class=\"wp-block-post post-60 post type-post status-publish format-standard has-post-thumbnail hentry category-eventos\">\n<figure style=\"width:100%;height:240px; margin-bottom:var(--wp--preset--spacing--x-small);\" class=\"wp-block-post-featured-image\"><a href=\"https:\/\/bravosol.com.do\/?p=60\" target=\"_self\"  style=\"height:240px\"><img loading=\"lazy\" decoding=\"async\" width=\"720\" height=\"406\" src=\"https:\/\/bravosol.com.do\/wp-content\/uploads\/2024\/12\/okto23-cierre.jpg\" class=\"attachment-post-thumbnail size-post-thumbnail wp-post-image\" alt=\"Coraz\u00f3n Cervecero Oktoberfest 2023\" style=\"border-radius:5px;height:240px;object-fit:cover;\" srcset=\"https:\/\/bravosol.com.do\/wp-content\/uploads\/2024\/12\/okto23-cierre.jpg 720w, https:\/\/bravosol.com.do\/wp-content\/uploads\/2024\/12\/okto23-cierre-300x169.jpg 300w, https:\/\/bravosol.com.do\/wp-content\/uploads\/2024\/12\/okto23-cierre-600x338.jpg 600w\" sizes=\"auto, 100vw\" \/><\/a><\/figure>\n\n<div style=\"margin-top:0;margin-bottom:0;\" class=\"has-link-color wp-elements-a1817b6b9e4eaefd5826fde68b0a8fdb wp-block-post-date has-text-color has-tertiary-color\"><time datetime=\"2023-10-25T15:20:00+00:00\">October 25, 2023<\/time><\/div>\n\n<h3 style=\"margin-top:0;margin-bottom:var(--wp--preset--spacing--x-small);\" class=\"has-link-color wp-elements-2e75b4e4fab489cf445e03eda13279d1 wp-block-post-title\"><a href=\"https:\/\/bravosol.com.do\/?p=60\" target=\"_self\" >Coraz\u00f3n Cervecero Oktoberfest 2023<\/a><\/h3>\n\n<div class=\"has-link-color wp-elements-61eeeb1d6c31f3761cb8bc35b6e1a095 wp-block-post-excerpt has-text-color has-tertiary-color\"><p class=\"wp-block-post-excerpt__excerpt\">Gracias a todos los patrocinadores, colaboradores, a todos los que nos visitaron y compartieron con nosotros! se bebi\u00f3, se comi\u00f3, se bail\u00f3 y se goz\u00f3 como nunca, as\u00ed hicieron que cada esfuerzo valiera la pena.As\u00ed culminamos nuestro Oktoberfest&hellip; <\/p><\/div>\n\n<a style=\"text-transform:uppercase; border-width:2px; padding-right:var(--wp--preset--spacing--x-small);padding-left:var(--wp--preset--spacing--x-small);padding-top:10px;padding-bottom:10px;\" class=\"wp-block-read-more has-text-color has-foreground-color\" href=\"https:\/\/bravosol.com.do\/?p=60\" target=\"_self\">Read more<span class=\"screen-reader-text\">: Coraz\u00f3n Cervecero Oktoberfest 2023<\/span><\/a>\n<\/li><\/ul><\/div>\n\n\n\n<div style=\"height:85px\" aria-hidden=\"true\" class=\"wp-block-spacer\"><\/div>\n<\/div>\n\n\n\n<p><\/p>\n","protected":false},"excerpt":{"rendered":"<p>\u00a1TRABAJEMOS JUNTOS! Nuestros Servicios En Grupo Bravo Sol, transformamos tus ideas en realidades impactantes a trav\u00e9s de un enfoque integral que abarca desde la conceptualizaci\u00f3n inicial hasta la ejecuci\u00f3n final. Nos especializamos en el sector de alimentos y bebidas, ofreciendo servicios en desarrollo creativo, permisolog\u00eda, optimizaci\u00f3n de procesos, producci\u00f3n y comercializaci\u00f3n de marcas, empresas y &hellip; <\/p>\n<p class=\"link-more\"><a href=\"https:\/\/bravosol.com.do\/\" class=\"more-link\">Read more<span class=\"screen-reader-text\"> &#8220;Homepage&#8221;<\/span><\/a><\/p>\n","protected":false},"author":1,"featured_media":0,"parent":0,"menu_order":0,"comment_status":"closed","ping_status":"closed","template":"page-templates\/homepage-no-hero.php","meta":{"footnotes":""},"class_list":["post-8","page","type-page","status-publish","hentry"],"featured_media_urls":[],"_links":{"self":[{"href":"https:\/\/bravosol.com.do\/index.php?rest_route=\/wp\/v2\/pages\/8","targetHints":{"allow":["GET"]}}],"collection":[{"href":"https:\/\/bravosol.com.do\/index.php?rest_route=\/wp\/v2\/pages"}],"about":[{"href":"https:\/\/bravosol.com.do\/index.php?rest_route=\/wp\/v2\/types\/page"}],"author":[{"embeddable":true,"href":"https:\/\/bravosol.com.do\/index.php?rest_route=\/wp\/v2\/users\/1"}],"replies":[{"embeddable":true,"href":"https:\/\/bravosol.com.do\/index.php?rest_route=%2Fwp%2Fv2%2Fcomments&post=8"}],"version-history":[{"count":8,"href":"https:\/\/bravosol.com.do\/index.php?rest_route=\/wp\/v2\/pages\/8\/revisions"}],"predecessor-version":[{"id":73,"href":"https:\/\/bravosol.com.do\/index.php?rest_route=\/wp\/v2\/pages\/8\/revisions\/73"}],"wp:attachment":[{"href":"https:\/\/bravosol.com.do\/index.php?rest_route=%2Fwp%2Fv2%2Fmedia&parent=8"}],"curies":[{"name":"wp","href":"https:\/\/api.w.org\/{rel}","templated":true}]}}